 of 48 and 128?
16
What is the highest common factor of 32 and 608?
32
What is the greatest common factor of 28 and 128?
4
Calculate the highest common divisor of 112 and 1168.
16
What is the greatest common divisor of 45 and 60?
15
What is the greatest common factor of 34 and 10081?
17
What is the greatest common factor of 295 and 1298?
59
What is the greatest common factor of 20 and 1840?
20
Calculate the highest common divisor of 34 and 1037.
17
What is the highest common factor of 319 and 55?
11
What is the greatest common divisor of 370 and 130?
10
Calculate the highest common factor of 410 and 1350.
10
Calculate the highest common factor of 504 and 27.
9
Calculate the highest common divisor of 24328 and 8.
8
What is the highest common divisor of 453 and 21?
3
Calculate the greatest common divisor of 34 and 2482.
34
Calculate the greatest common factor of 1872 and 216.
72
What is the highest common factor of 589 and 456?
19
What is the greatest common divisor of 182 and 13?
13
What is the highest common divisor of 1743 and 3735?
249
Calculate the greatest common divisor of 232 and 1798.
58
What is the highest common factor of 846 and 4?
2
What is the greatest common factor of 22 and 3476?
22
Calculate the greatest common divisor of 243 and 27.
27
Calculate the highest common factor of 192 and 3.
3
What is the highest common factor of 1798 and 58?
58
Calculate the highest common divisor of 30 and 30.
30
What is the greatest common factor of 595 and 875?
35
What is the highest common factor of 1300 and 195?
65
Calculate the greatest common divisor of 66 and 38.
2
Calculate the greatest common factor of 12 and 23988.
12
What is the highest common divisor of 92 and 2484?
92
Calculate the highest common divisor of 7970 and 10.
10
What is the highest common divisor of 140 and 875?
35
What is the greatest common factor of 29 and 3422?
29
Calculate the highest common divisor of 306 and 36.
18
Calculate the greatest common factor of 7519 and 2060.
103
Calculate the highest common divisor of 114 and 2128.
38
Calculate the greatest common divisor of 51 and 21.
3
Calculate the greatest common divisor of 40 and 100.
20
Calculate the greatest common divisor of 505 and 1212.
101
Calculate the greatest common divisor of 14 and 1246.
14
Calculate the highest common divisor of 3883 and 77.
11
What is the greatest common factor of 11 and 979?
11
Calculate the highest common factor of 742 and 2438.
106
What is the highest common factor of 1186 and 6?
2
Calculate the highest common factor of 1232 and 220.
44
What is the greatest common factor of 36 and 3618?
18
Calculate the highest common divisor of 4 and 482.
2
What is the highest common divisor of 754 and 2726?
58
Calculate the greatest common factor of 2236 and 104.
52
Calculate the greatest common divisor of 5 and 2.
1
What is the highest common divisor of 48 and 896?
16
Calculate the highest common divisor of 26 and 3523.
13
What is the greatest common factor of 200 and 2075?
25
Calculate the highest common factor of 204 and 12.
12
Calculate the highest common factor of 15 and 37485.
15
Calculate the highest common factor of 42 and 896.
14
Calculate the highest common divisor of 1406 and 38.
38
What is the greatest common divisor of 8 and 360?
8
What is the greatest common factor of 57 and 10051?
19
Calculate the greatest common divisor of 176 and 66.
22
What is the greatest common factor of 63 and 31?
1
What is the highest common divisor of 710 and 1278?
142
Calculate the highest common factor of 127 and 2413.
127
Calculate the highest common factor of 4 and 9548.
4
What is the highest common factor of 74 and 962?
74
What is the greatest common divisor of 1260 and 576?
36
What is the greatest common factor of 9 and 1737?
9
What is the greatest common factor of 8 and 44?
4
What is the highest common divisor of 6504 and 24?
24
Calculate the highest common divisor of 164 and 40.
4
What is the highest common divisor of 2 and 12022?
2
Calculate the greatest common divisor of 13 and 311.
1
What is the greatest common factor of 2375 and 125?
125
Calculate the greatest common factor of 858 and 7458.
66
Calculate the highest common factor of 3768 and 120.
24
What is the highest common divisor of 11 and 319?
11
What is the greatest common divisor of 72 and 360?
72
Calculate the highest common divisor of 18748 and 860.
172
Calculate the highest common divisor of 268 and 4.
4
Calculate the greatest common factor of 140 and 8750.
70
Calculate the highest common divisor of 68 and 850.
34
What is the greatest common divisor of 48 and 368?
16
Calculate the greatest common factor of 13493 and 103.
103
What is the highest common factor of 92 and 4?
4
Calculate the highest common factor of 12 and 174.
6
What is the highest common divisor of 5073 and 38?
19
Calculate the highest common factor of 22005 and 5.
5
What is the greatest common divisor of 801 and 36?
9
What is the greatest common factor of 21 and 357?
21
Calculate the greatest common divisor of 190 and 152.
38
Calculate the greatest common factor of 312 and 59592.
312
What is the highest common factor of 168 and 768?
24
Calculate the greatest common divisor of 105 and 35.
35
What is the greatest common factor of 68 and 51?
17
Calculate the greatest common divisor of 8083 and 59.
59
What is the greatest common divisor of 8 and 72?
8
What is the highest common factor of 32 and 172?
4
Calculate the highest common factor of 51 and 119.
17
Calculate the greatest common divisor of 864 and 64.
32
Calculate the highest common divisor of 99 and 55.
11
What is the greatest common divisor of 485 and 80?
5
What is the greatest common factor of 390 and 520?
130
What is the greatest common divisor of 2464 and 2?
2
What is the highest common factor of 240 and 195?
15
Calculate the highest common divisor of 14080 and 1792.
256
Calculate the greatest common factor of 11 and 77.
11
Calculate the highest common divisor of 48 and 12.
12
Calculate the greatest common divisor of 1859 and 169.
169
Calculate the highest common factor of 2291 and 29.
29
Calculate the greatest common divisor of 2320 and 140.
20
What is the greatest common factor of 63 and 11277?
63
Calculate the highest common divisor of 4760 and 833.
119
Calculate the greatest common divisor of 47 and 893.
47
What is the highest common factor of 149137 and 293?
293
What is the highest common factor of 33 and 759?
33
Calculate the highest common factor of 506 and 154.
22
Calculate the greatest common divisor of 3102 and 88.
22
Calculate the greatest common divisor of 530 and 10.
10
Calculate the greatest common factor of 157 and 8321.
157
What is the highest common divisor of 7215 and 26?
13
Calculate the highest common factor of 4203 and 117.
9
Calculate the greatest common divisor of 9963 and 123.
123
What is the greatest common divisor of 6799 and 13?
13
What is the greatest common factor of 171 and 38?
19
What is the highest common factor of 60 and 32?
4
Calculate the highest common factor of 708 and 480.
12
Calculate the greatest common factor of 9 and 531.
9
What is the greatest common factor of 63 and 14343?
21
What is the greatest common divisor of 140 and 3395?
35
Calculate the greatest common factor of 82 and 2665.
41
What is the greatest common divisor of 110 and 120?
10
What is the greatest common factor of 25 and 61700?
25
What is the highest common divisor of 495 and 3168?
99
Calculate the highest common divisor of 22 and 638.
22
Calculate the highest common divisor of 2008 and 16.
8
Calculate the highest common divisor of 986 and 174.
58
Calculate the greatest common factor of 20 and 45.
5
What is the greatest common factor of 1 and 348?
1
What is the greatest common divisor of 54 and 2322?
54
Calculate the highest common factor of 66 and 5511.
33
What is the highest common divisor of 15614 and 74?
74
Calculate the greatest common factor of 40 and 32.
8
What is the greatest common factor of 14 and 630?
14
Calculate the highest common factor of 2839 and 34.
17
What is the greatest common divisor of 57 and 2337?
57
What is the highest common divisor of 282 and 24?
6
What is the greatest common factor of 5 and 365?
5
Calculate the greatest common factor of 7100 and 100.
100
Calculate the greatest common 